t of 36008691?
3
What is the units digit of 42666033?
3
What is the ten millions digit of 1396071812?
9
What is the thousands digit of 203952503?
2
What is the tens digit of 20373665?
6
What is the thousands digit of 46886883?
6
What is the tens digit of 44944025?
2
What is the hundred millions digit of 228365164?
2
What is the hundreds digit of 1330675185?
1
What is the units digit of 161809194?
4
What is the hundred thousands digit of 442924268?
9
What is the ten thousands digit of 571809747?
0
What is the ten millions digit of 417606339?
1
What is the thousands digit of 3478237231?
7
What is the ten thousands digit of 178396507?
9
What is the ten thousands digit of 37625181?
2
What is the tens digit of 517307695?
9
What is the hundreds digit of 463192083?
0
What is the ten millions digit of 434598022?
3
What is the tens digit of 380325054?
5
What is the units digit of 1601608315?
5
What is the units digit of 1581145344?
4
What is the ten millions digit of 2115661311?
1
What is the tens digit of 1040816520?
2
What is the tens digit of 1659193975?
7
What is the hundreds digit of 754740139?
1
What is the hundreds digit of 34092006?
0
What is the thousands digit of 393223752?
3
What is the hundred millions digit of 229898079?
2
What is the ten millions digit of 193879444?
9
What is the millions digit of 283557734?
3
What is the thousands digit of 6890512343?
2
What is the tens digit of 46248849?
4
What is the ten thousands digit of 107503766?
0
What is the hundreds digit of 337512242?
2
What is the units digit of 5611214814?
4
What is the hundred thousands digit of 3014555245?
5
What is the ten thousands digit of 47679140?
7
What is the hundred millions digit of 633797556?
6
What is the ten millions digit of 25917680?
2
What is the hundreds digit of 855608418?
4
What is the units digit of 91433714?
4
What is the hundred millions digit of 3406234671?
4
What is the hundred thousands digit of 34924630?
9
What is the billions digit of 1695334298?
1
What is the tens digit of 29524160?
6
What is the ten millions digit of 37908064?
3
What is the ten millions digit of 2485267607?
8
What is the units digit of 46048439?
9
What is the hundred millions digit of 1928490636?
9
What is the ten thousands digit of 432980956?
8
What is the hundreds digit of 2554386551?
5
What is the units digit of 55136453?
3
What is the billions digit of 1411472820?
1
What is the tens digit of 1597406685?
8
What is the ten millions digit of 1776734026?
7
What is the ten millions digit of 1649679550?
4
What is the units digit of 623460184?
4
What is the tens digit of 15392893?
9
What is the millions digit of 7203675179?
3
What is the ten millions digit of 90315524?
9
What is the ten millions digit of 34279001?
3
What is the tens digit of 7851268960?
6
What is the ten thousands digit of 116249547?
4
What is the millions digit of 103379378?
3
What is the thousands digit of 457567137?
7
What is the ten thousands digit of 309345419?
4
What is the hundred millions digit of 147494421?
1
What is the hundred thousands digit of 27331677?
3
What is the hundred millions digit of 867143472?
8
What is the millions digit of 81139455?
1
What is the thousands digit of 698615588?
5
What is the ten millions digit of 728495537?
2
What is the tens digit of 568802948?
4
What is the millions digit of 7598307?
7
What is the thousands digit of 7291233?
1
What is the hundred millions digit of 340558746?
3
What is the hundreds digit of 1816374999?
9
What is the units digit of 7933503?
3
What is the hundreds digit of 151054399?
3
What is the thousands digit of 194499543?
9
What is the millions digit of 44775664?
4
What is the millions digit of 467705322?
7
What is the units digit of 2156914296?
6
What is the hundred thousands digit of 210560141?
5
What is the ten millions digit of 606853354?
0
What is the millions digit of 152225124?
2
What is the thousands digit of 90553906?
3
What is the ten millions digit of 272199437?
7
What is the hundred thousands digit of 113567199?
5
What is the ten millions digit of 183173190?
8
What is the ten millions digit of 1644387064?
4
What is the hundreds digit of 2077679689?
6
What is the ten thousands digit of 3585268538?
6
What is the thousands digit of 57795338?
5
What is the hundred thousands digit of 69993156?
9
What is the hundred thousands digit of 62574563?
5
What is the billions digit of 4687519525?
4
What is the units digit of 1894112115?
5
What is the ten thousands digit of 48621741?
2
What is the millions digit of 1804403013?
4
What is the millions digit of 269534006?
9
What is the units digit of 1589183049?
9
What is the hundreds digit of 70374163?
1
What is the thousands digit of 456744101?
4
What is the thousands digit of 235319608?
9
What is the hundred thousands digit of 94911154?
9
What is the ten millions digit of 557954334?
5
What is the billions digit of 5491238999?
5
What is the tens digit of 5630273?
7
What is the hundred thousands digit of 29846791?
8
What is the hundred thousands digit of 303350162?
3
What is the units digit of 4372711356?
6
What is the hundred thousands digit of 3025812973?
8
What is the ten thousands digit of 162166369?
6
What is the units digit of 266635305?
5
What is the ten thousands digit of 435213006?
1
What is the ten thousands digit of 27165193?
6
What is the hundred thousands digit of 22254399?
2
What is the hundreds digit of 4944272192?
1
What is the ten millions digit of 68724281?
6
What is the units digit of 763266187?
7
What is the ten millions digit of 924193068?
2
What is the thousands digit of 2644411451?
1
What is the ten millions digit of 1905237572?
0
What is the units digit of 38815344?
4
What is the thousands digit of 34171591?
1
What is the tens digit of 1721835438?
3
What is the thousands digit of 38005889?
5
What is the thousands digit of 144129774?
9
What is the ten millions digit of 1407381191?
0
What is the hundred thousands digit of 144265474?
2
What is the hundreds digit of 27882682?
6
What is the tens digit of 1468442937?
3
What is the hundred thousands digit of 5271400523?
4
What is the ten millions digit of 264643315?
6
What is the thousands digit of 38218592?
8
What is the hundreds digit of 624388883?
8
What is the tens digit of 1372560348?
4
What is the hundred millions digit of 221779491?
2
What is the units digit of 520663825?
5
What is the units digit of 4907716901?
1
What is the millions digit of 1066663872?
6
What is the tens digit of 55606961?
6
What is the hundreds digit of 120633163?
1
What is the tens digit of 451686416?
1
What is the hundreds digit of 16924491?
4
What is the ten millions digit of 11428802?
1
What is the thousands digit of 56454733?
4
What is the millions digit of 41213746?
1
What is the thousands digit of 2496854290?
4
What is the units digit of 35891997?
7
What is the hundreds digit of 494251824?
8
What is the thousands digit of 1019708563?
8
What is the millions digit of 520264954?
0
What is the tens digit of 20607816?
1
What is the units digit of 114401856?
6
What is the hundreds digit of 26717662?
6
What is the hundred millions digit of 224805352?
2
What is the hundred thousands digit of 4910372?
9
What is the hundred thousands digit of 895253353?
2
What is the ten millions digit of 33997183?
3
What is the millions digit of 32401376?
2
What is the units digit of 53449821?
1
What is the hundred thousands digit of 325376838?
3
What is the thousands digit of 170005189?
5
What is the hundreds digit of 853746063?
0
What is the thousands digit of 957347451?
7
What is the millions digit of 2915317709?
5
What is the units digit of 160195418?
8
What is the hundred thousands digit of 34770076?
7
What is the units digit of 1144092997?
7
What is the tens digit of 70738698?
9
What is the millions digit of 38109630?
8
What is the hundreds digit of 1648062609?
6
What is the units digit of 108752101?
1
What is the units digit of 512283858?
8
What is the tens digit of 27021659?
5
What is the thousands digit of 1337647107?
7
What is the millions digit of 60381231?
0
What is the hundreds digit of 2912205769?
7
What is the hundreds digit of 362904722?
7
What is the units digit of 35170446?
6
What is the thousands digit of 1244927988?
7
What is the units digit of 284040128?
8
What